{"id":62,"date":"2024-01-29T23:23:09","date_gmt":"2024-01-29T22:23:09","guid":{"rendered":"https:\/\/www.gordianolupi.it\/?page_id=62"},"modified":"2025-01-24T11:30:03","modified_gmt":"2025-01-24T10:30:03","slug":"opere-curate","status":"publish","type":"page","link":"https:\/\/www.gordianolupi.it\/?page_id=62","title":{"rendered":"Opere curate"},"content":{"rendered":"\n<h2 class=\"wp-block-heading\">Una selezione delle opere curate da Gordiano Lupi<\/h2>\n\n\n<div class=\"wp-block-image\">\n<figure class=\"aligncenter size-full is-resized\"><img loading=\"lazy\" decoding=\"async\" width=\"205\" height=\"288\" src=\"https:\/\/www.gordianolupi.it\/wp-content\/uploads\/2025\/01\/image-10.png\" alt=\"\" class=\"wp-image-213\" style=\"width:199px;height:auto\"\/><\/figure>\n<\/div>\n\n\n<p><strong>J.S. Le Fanu Nipote &#8211; PORNOSCUOLA<\/strong><br>Baciami Editore &#8211; E Book &#8211; Euro 0,99<\/p>\n\n\n\n<p>Questo racconto \u00e8 opera di fantasia libertina, nel senso che personaggi e situazioni sono completamente inventate e che ogni riferimento a eventi reali e a persone esistenti \u00e8 del tutto casuale. L\u2019unica cosa vera di questa storia gaudente \u00e8 l\u2019ambientazione, perch\u00e9 Piombino esiste e il Liceo Classico Giosu\u00e8 Carducci pure, anche se adesso non \u00e8 pi\u00f9 al solito posto. Questo va detto a beneficio di coloro che cercano di trovare la realt\u00e0 nella finzione. Non \u00e8 il loro racconto. &#8220;C\u2019era un libro che mi piaceva tanto da ragazzo, lo aveva scritto Giovanni Mosca e s\u2019intitolava Ricordi di scuola. Lo avr\u00f2 letto venti volte quel libro da quanto mi piaceva. Me lo ricordo ancora con tutte quelle sviolinate retoriche sulla scuola e il sapore di gesso e la cattedra di legno, i banchi in fila, la cimosa sulla lavagna e la maestrina supplente innamorata persa del maestro carino. Mi ricordava tanto Cuore di De Amicis quel Ricordi di scuola, un po\u2019 pi\u00f9 moderno ma era una cosa cos\u00ec. E allora non me lo spiego mica perch\u00e9 i miei ricordi di scuola sono cos\u00ec diversi&#8230;&#8221;<\/p>\n\n\n<div class=\"wp-block-image\">\n<figure class=\"aligncenter size-full is-resized\"><img loading=\"lazy\" decoding=\"async\" width=\"660\" height=\"1000\" src=\"https:\/\/www.gordianolupi.it\/wp-content\/uploads\/2025\/01\/image-12.png\" alt=\"\" class=\"wp-image-215\" style=\"width:156px;height:auto\" srcset=\"https:\/\/www.gordianolupi.it\/wp-content\/uploads\/2025\/01\/image-12.png 660w, https:\/\/www.gordianolupi.it\/wp-content\/uploads\/2025\/01\/image-12-198x300.png 198w\" sizes=\"auto, (max-width: 660px) 100vw, 660px\" \/><\/figure>\n<\/div>\n\n\n<figure class=\"wp-block-table\"><table class=\"has-fixed-layout\"><tbody><tr><td><strong>IL RITORNO DI CARMILLA, LA VAMPIRA INNAMORATA<\/strong>&nbsp;&#8211; J. S. Le Fanu Nipote (a cura di Gordiano Lupi)<\/td><\/tr><tr><td colspan=\"2\">\u20ac 12,00 &#8211; Pag. 165 \u2013 ISBN 9788876063312<\/td><\/tr><tr><td colspan=\"2\">Il libro contiene anche:<br>LA BELVA DEI CARPAZI (Ricordi di Erzs\u00e9bet B\u00e1thory)<br>IL DIARIO DI DRACULA<\/td><\/tr><tr><td colspan=\"2\"><a href=\"http:\/\/www.ilfoglioletterario.it\/Catalogo_Cubana_La_Patria.htm\" target=\"_blank\" rel=\"noreferrer noopener\">Edizioni Il Foglio<\/a><\/td><\/tr><tr><td>&nbsp;<\/td><td>&nbsp;<\/td><\/tr><tr><td colspan=\"2\">Attualizzare un capolavoro come Carmilla di Joseph Sheridan Le Fanu non \u00e8 facile perch\u00e9 l\u2019originale \u00e8 talmente bello e cos\u00ec ben scritto che ancora oggi si pu\u00f2 leggere con facilit\u00e0. L\u2019unico motivo per attualizzare Carmilla viene dalla componente erotica che nell\u2019originale \u00e8 appena accennata. Le Fanu scrive in un\u2019epoca difficile e pu\u00f2 solo far intuire il tema lesbico, alla base del rapporto tra la bella vampira e Laura. In questo romanzo sono evidenti tutti i particolari del rapporto saffico che lega le due donne. L\u2019azione si svolge tra Firenze e Fiesole, in epoca moderna, anche se il tema affrontato permette di sospendere la narrazione in un momento temporale indefinito. Il senso di un remake \u00e8 anche quello di avvicinare qualche persona in pi\u00f9 alla lettura di un classico.<strong>J.S. Le Fanu nipote&nbsp;<\/strong>(Dublino, 1970), \u00e8 figlio di un nipote del famoso Joseph Sheridan Le Fanu, scrittore irlandese morto alla fine del 1800, creatore del personaggio di Carmilla, che ha alimentato la fantasia di sceneggiatori cinematografici del Secondo Novecento. Vive tra l\u2019Italia e la Spagna. Ha fatto i mestieri pi\u00f9 impensabili (e continua a farli), quando \u00e8 sobrio scrive, pure se gli capita di rado. Non ha mai partecipato a trasmissioni televisive, va poco al cinema, preferisce guardare in dvd una sterminata collezione di cinema gotico della Hammer, gli horror italiani, americani e spagnoli degli anni Settanta. Ama i racconti del nonno, il cinema di Larraz, la paella, il graspacho andaluso e la pizza Margherita. Odia il 3 D, la musica jazz e gli intellettuali. Per il futuro \u00e8 impegnato a sopravvivere.<\/td><\/tr><\/tbody><\/table><\/figure>\n\n\n<div class=\"wp-block-image\">\n<figure class=\"aligncenter size-full is-resized\"><img loading=\"lazy\" decoding=\"async\" width=\"170\" height=\"240\" src=\"https:\/\/www.gordianolupi.it\/wp-content\/uploads\/2025\/01\/image-13.png\" alt=\"\" class=\"wp-image-216\" style=\"width:205px;height:auto\"\/><\/figure>\n<\/div>\n\n\n<figure class=\"wp-block-table\"><table class=\"has-fixed-layout\"><tbody><tr><td><strong>VOLEVO FINIRE SUL WEB COME PARIS HILTON<\/strong>&nbsp;&#8211; un romanzo verit\u00e0 di Erika@Monella78<\/td><\/tr><tr><td colspan=\"2\">\u20ac 14,00 &#8211; Pag. 170 \u2013 ISBN 9788890624919 &#8211;<strong>&nbsp;Santi Editore<\/strong><\/td><\/tr><tr><td colspan=\"2\">Versione e-book euro 7,00 &#8211; in vendita sul sito&nbsp;<a href=\"http:\/\/www.baciami.org\/\" target=\"_blank\" rel=\"noreferrer noopener\">www.baciami.org<\/a><\/td><\/tr><tr><td>&nbsp;<\/td><td>&nbsp;<\/td><\/tr><tr><td colspan=\"2\">La storia che state per leggere racconta la vita di Erika, che a un certo decide di prendere a modello Paris Hilton e Britney Spears. Non vuole pi\u00f9 essere la brava ragazza studiosa che rende orgogliosi i suoi genitori, ma decide di mettersi davanti a una webcam e di spogliarsi su internet. Il centro dei suoi interessi diventano le esibizioni per vecchi maiali telematici, il sesso sfrenato e la droga, decide che vuole avere soldi in tasca, sentirsi indipendente e godere mentre si lascia guardare. Fin qui sarebbe una storia come tante, n\u00e9 migliore n\u00e9 peggiore di quelle che offre la cronaca quotidiana, una trama da pessimo romanzo erotico, come spesso mi \u00e8 capitato di scrivere. Non \u00e8 cos\u00ec. Erika era mia figlia, lei ha scritto queste pagine di diario e nessuno ha manomesso i suoi pensieri. Scavare nel passato di Erika mi ha fatto trepidare e soffocare d\u2019angoscia, ma era lei che mi chiedeva di scrivere il romanzo della sua vita. E io l\u2019ho assecondata, come sempre. Pagina dopo pagina ho tentato di catturare il sorriso dei suoi occhi di bambina. (dall\u2019introduzione del padre di Erika)<\/td><\/tr><\/tbody><\/table><\/figure>\n","protected":false},"excerpt":{"rendered":"<p>Una selezione delle opere curate da Gordiano Lupi J.S. Le Fanu Nipote &#8211; PORNOSCUOLABaciami Editore &#8211; E Book &#8211; Euro 0,99 Questo racconto \u00e8 opera di fantasia libertina, nel senso che personaggi e situazioni sono completamente inventate e che ogni riferimento a eventi reali e a persone esistenti \u00e8 del tutto casuale. L\u2019unica cosa vera [&hellip;]<\/p>\n","protected":false},"author":2,"featured_media":0,"parent":0,"menu_order":0,"comment_status":"closed","ping_status":"closed","template":"","meta":{"saved_in_kubio":false,"footnotes":""},"class_list":["post-62","page","type-page","status-publish","hentry"],"kubio_ai_page_context":{"short_desc":"","purpose":"general"},"_links":{"self":[{"href":"https:\/\/www.gordianolupi.it\/index.php?rest_route=\/wp\/v2\/pages\/62","targetHints":{"allow":["GET"]}}],"collection":[{"href":"https:\/\/www.gordianolupi.it\/index.php?rest_route=\/wp\/v2\/pages"}],"about":[{"href":"https:\/\/www.gordianolupi.it\/index.php?rest_route=\/wp\/v2\/types\/page"}],"author":[{"embeddable":true,"href":"https:\/\/www.gordianolupi.it\/index.php?rest_route=\/wp\/v2\/users\/2"}],"replies":[{"embeddable":true,"href":"https:\/\/www.gordianolupi.it\/index.php?rest_route=%2Fwp%2Fv2%2Fcomments&post=62"}],"version-history":[{"count":3,"href":"https:\/\/www.gordianolupi.it\/index.php?rest_route=\/wp\/v2\/pages\/62\/revisions"}],"predecessor-version":[{"id":217,"href":"https:\/\/www.gordianolupi.it\/index.php?rest_route=\/wp\/v2\/pages\/62\/revisions\/217"}],"wp:attachment":[{"href":"https:\/\/www.gordianolupi.it\/index.php?rest_route=%2Fwp%2Fv2%2Fmedia&parent=62"}],"curies":[{"name":"wp","href":"https:\/\/api.w.org\/{rel}","templated":true}]}}